er when 399 is divided by 137?
125
Calculate the remainder when 140 is divided by 36.
32
Calculate the remainder when 63 is divided by 55.
8
Calculate the remainder when 1062 is divided by 85.
42
What is the remainder when 3334 is divided by 71?
68
Calculate the remainder when 173 is divided by 25.
23
What is the remainder when 142 is divided by 82?
60
What is the remainder when 6287 is divided by 3133?
21
Calculate the remainder when 42 is divided by 24.
18
What is the remainder when 2131 is divided by 237?
235
Calculate the remainder when 5372 is divided by 84.
80
What is the remainder when 56615 is divided by 11?
9
What is the remainder when 286 is divided by 41?
40
What is the remainder when 3480 is divided by 1738?
4
Calculate the remainder when 413 is divided by 74.
43
Calculate the remainder when 1322 is divided by 188.
6
What is the remainder when 391 is divided by 197?
194
What is the remainder when 4074 is divided by 151?
148
What is the remainder when 338 is divided by 119?
100
What is the remainder when 2402 is divided by 479?
7
What is the remainder when 1545 is divided by 771?
3
What is the remainder when 1434 is divided by 358?
2
Calculate the remainder when 85 is divided by 46.
39
What is the remainder when 305 is divided by 34?
33
What is the remainder when 30 is divided by 1?
0
Calculate the remainder when 527 is divided by 182.
163
What is the remainder when 4694 is divided by 235?
229
What is the remainder when 989 is divided by 30?
29
What is the remainder when 272 is divided by 69?
65
Calculate the remainder when 398 is divided by 51.
41
What is the remainder when 646 is divided by 64?
6
Calculate the remainder when 449 is divided by 146.
11
What is the remainder when 802 is divided by 49?
18
Calculate the remainder when 1047 is divided by 110.
57
What is the remainder when 6318 is divided by 16?
14
Calculate the remainder when 1175 is divided by 186.
59
What is the remainder when 771 is divided by 43?
40
Calculate the remainder when 322 is divided by 27.
25
Calculate the remainder when 6 is divided by 2.
0
Calculate the remainder when 48 is divided by 21.
6
Calculate the remainder when 810 is divided by 32.
10
What is the remainder when 25023 is divided by 13?
11
Calculate the remainder when 109 is divided by 16.
13
What is the remainder when 149 is divided by 63?
23
What is the remainder when 1776 is divided by 10?
6
What is the remainder when 4554 is divided by 31?
28
What is the remainder when 2707 is divided by 536?
27
What is the remainder when 9575 is divided by 84?
83
What is the remainder when 199 is divided by 48?
7
Calculate the remainder when 769 is divided by 14.
13
What is the remainder when 1099 is divided by 85?
79
Calculate the remainder when 132 is divided by 63.
6
Calculate the remainder when 51 is divided by 8.
3
What is the remainder when 3685 is divided by 16?
5
What is the remainder when 1437 is divided by 45?
42
What is the remainder when 8348 is divided by 69?
68
What is the remainder when 40 is divided by 5?
0
Calculate the remainder when 710 is divided by 79.
78
What is the remainder when 142 is divided by 86?
56
Calculate the remainder when 1087 is divided by 34.
33
Calculate the remainder when 113 is divided by 58.
55
What is the remainder when 316 is divided by 80?
76
What is the remainder when 809 is divided by 400?
9
Calculate the remainder when 353 is divided by 10.
3
What is the remainder when 101 is divided by 37?
27
Calculate the remainder when 3884 is divided by 162.
158
What is the remainder when 602 is divided by 101?
97
What is the remainder when 1547 is divided by 9?
8
Calculate the remainder when 17781 is divided by 76.
73
What is the remainder when 79 is divided by 26?
1
What is the remainder when 441 is divided by 68?
33
Calculate the remainder when 826 is divided by 138.
136
What is the remainder when 2011 is divided by 627?
130
What is the remainder when 6429 is divided by 12?
9
What is the remainder when 3310 is divided by 275?
10
What is the remainder when 704 is divided by 50?
4
Calculate the remainder when 24638 is divided by 77.
75
Calculate the remainder when 631 is divided by 28.
15
Calculate the remainder when 8886 is divided by 127.
123
What is the remainder when 273 is divided by 25?
23
Calculate the remainder when 133 is divided by 74.
59
What is the remainder when 801 is divided by 15?
6
Calculate the remainder when 3683 is divided by 75.
8
Calculate the remainder when 58 is divided by 48.
10
What is the remainder when 38 is divided by 15?
8
What is the remainder when 201 is divided by 17?
14
What is the remainder when 207 is divided by 51?
3
Calculate the remainder when 1017 is divided by 85.
82
Calculate the remainder when 355 is divided by 23.
10
Calculate the remainder when 329 is divided by 40.
9
Calculate the remainder when 680 is divided by 157.
52
Calculate the remainder when 392 is divided by 20.
12
Calculate the remainder when 351 is divided by 88.
87
Calculate the remainder when 1817 is divided by 18.
17
What is the remainder when 97 is divided by 48?
1
What is the remainder when 1708 is divided by 66?
58
Calculate the remainder when 335 is divided by 54.
11
What is the remainder when 58177 is divided by 41?
39
What is the remainder when 71 is divided by 9?
8
What is the remainder when 57 is divided by 34?
23
What is the remainder when 564 is divided by 227?
110
Calculate the remainder when 40 is divided by 15.
10
What is the remainder when 92 is divided by 7?
1
Calculate the remainder when 2208 is divided by 2.
0
What is the remainder when 255 is divided by 167?
88
What is the remainder when 529 is divided by 28?
25
What is the remainder when 200 is divided by 182?
18
What is the remainder when 1008 is divided by 107?
45
Calculate the remainder when 149 is divided by 31.
25
What is the remainder when 3188 is divided by 398?
4
Calculate the remainder when 730 is divided by 43.
42
What is the remainder when 11965 is divided by 285?
280
What is the remainder when 1883 is divided by 6?
5
Calculate the remainder when 230 is divided by 69.
23
Calculate the remainder when 19 is divided by 17.
2
What is the remainder when 35 is divided by 31?
4
What is the remainder when 109 is divided by 22?
21
Calculate the remainder when 19 is divided by 12.
7
Calculate the remainder when 3250 is divided by 1577.
96
What is the remainder when 5311 is divided by 332?
331
Calculate the remainder when 110 is divided by 55.
0
Calculate the remainder when 1653 is divided by 273.
15
Calculate the remainder when 446 is divided by 28.
26
What is the remainder when 7316 is divided by 2423?
47
What is the remainder when 216 is divided by 61?
33
Calculate the remainder when 66 is divided by 35.
31
What is the remainder when 2998 is divided by 40?
38
Calculate the remainder when 59 is divided by 35.
24
Calculate the remainder when 3653 is divided by 18.
17
What is the remainder when 432 is divided by 154?
124
What is the remainder when 13 is divided by 2?
1
Calculate the remainder when 14395 is divided by 122.
121
What is the remainder when 480 is divided by 474?
6
What is the remainder when 3444 is divided by 69?
63
Calculate the remainder when 152 is divided by 77.
75
Calculate the remainder when 43 is divided by 4.
3
Calculate the remainder when 228 is divided by 22.
8
Calculate the remainder when 39 is divided by 35.
4
Calculate the remainder when 249 is divided by 9.
6
What is the remainder when 21 is divided by 4?
1
Calculate the remainder when 12899 is divided by 19.
17
Calculate the remainder when 456 is divided by 20.
16
What is the remainder when 416 is divided by 99?
20
What is the remainder when 2127 is divided by 30?
27
Calculate the remainder when 87 is divided by 18.
15
Calculate the remainder when 839 is divided by 24.
23
What is the remainder when 561 is divided by 32?
17
What is the remainder when 340 is divided by 57?
55
Calculate the remainder when 1424 is divided by 159.
152
What is the remainder when 72 is divided by 25?
22
Calculate the remainder when 24 is divided by 12.
0
Calculate the remainder when 2630 is divided by 204.
182
Calculate the remainder when 202 is divided by 73.
56
What is the remainder when 864 is divided by 87?
81
What is the remainder whe